x - 25 = -5*x. Let h = x + 37. What is the remainder when h is divided by 21?
20
Let v(l) = l**3 - 8*l**2 - l. Let u be v(8). Calculate the remainder when 6 is divided by 1*(-4)/8*u.
2
Let n(j) = -30*j - 4. What is the remainder when n(-24) is divided by 40?
36
Let j = 236 - 230. What is the remainder when j is divided by 1?
0
Suppose 0 = 12*w - 981 - 483. Calculate the remainder when w is divided by 32.
26
Suppose 0 = 4*f + 80 - 280. Let c = 64 - f. Suppose 3*y + 14 = 5*y. What is the remainder when c is divided by y?
0
Let a(t) = 5*t - 11. Let i be a(5). Let m = i - 29. Let x = 13 - m. Calculate the remainder when x is divided by 6.
4
Suppose 5*b + 5*j - 6 = -471, 2*j = 5*b + 493. Suppose 329 = s - 6*s + 3*h, 3*h - 137 = 2*s. Let f = s - b. Calculate the remainder when f is divided by 9.
6
Let s = -12 + 18. Suppose 0 = 3*r + 5*d - 500 + 123, 5*d + 10 = 0. Let l = r - 113. Calculate the remainder when l is divided by s.
4
Let q = -1128 + 1548. Calculate the remainder when q is divided by 31.
17
Suppose 0 = -o - 3*o + 5*o. Suppose 5*t + 5*k - 120 = o, 5*k + 51 = -3*t + 7*t. What is the remainder when 55 is divided by t?
17
Suppose 5 + 5 = -5*o, -2*o - 32 = -2*q. Suppose -10 - q = 2*p. Calculate the remainder when 3*-3*(4 + p) is divided by 15.
12
Let s = -26 - -35. Let y = 56 - s. What is the remainder when y is divided by 10?
7
Let v(j) = -j**3 - 14*j**2 - 48*j + 38. Let m(f) = -f**3 + 12*f**2 + 9*f - 8. Calculate the remainder when m(6) is divided by v(-8).
34
Let q(m) = -m**3 - 10*m**2 + 9*m + 11. Suppose 9*l + 65 = -5*p + 4*l, 0 = -p - 5*l - 21. Calculate the remainder when q(p) is divided by 17.
16
Suppose 7*l = 13*l - 18. Suppose -4*q + 18 = 3*r + l, 4*q = -5*r + 25. Calculate the remainder when 21 is divided by r.
1
Let z(w) = -18*w - 20*w + 37*w + 14. What is the remainder when 81 is divided by z(0)?
11
Suppose -15*q = 7*q - 1430. Calculate the remainder when 259 is divided by q.
64
Suppose 5*p = -0*p + 205. Let b(x) = 3*x**2 + 35*x - 234. What is the remainder when p is divided by b(5)?
9
Suppose 4*b - 712 = -4*i, 3*i - 4*b = 8*i - 887. What is the remainder when i is divided by 72?
31
Suppose 0*t + 2*t = 4*o - 18, 4*t = 5*o - 30. Suppose -7 - 5 = -o*h. Suppose -3*p + 88 = p. Calculate the remainder when p is divided by h.
4
Suppose -l = 1, 28*c = 24*c - 5*l + 107. Calculate the remainder when c is divided by 5.
3
Suppose -3*t - 4*c + 64 = 0, 0 = 3*c - 3 - 0. Let n be ((-8)/t)/((-1)/(-10)). Let l(g) = 3*g**2 + 6*g. What is the remainder when 93 is divided by l(n)?
21
Let d = 10 - 7. Let f(w) = 6*w + 1. Suppose 0 = 4*q + c - 22, 2*c - 21 = -3*q - c. Calculate the remainder when f(d) is divided by q.
4
Let d(o) = -o**3 + o**2 + 6*o - 3. Let u be d(3). What is the remainder when 18 is divided by (-10)/u*24/5?
2
Let w be (1/(-2))/(1/6). Let b(m) = 2*m**3 + 2*m**2 - 7*m + 8. Calculate the remainder when (w/6)/((-1)/68) is divided by b(2).
16
Let c = 9 - 4. What is the remainder when ((-5)/110*-11)/((-1)/(-94)) is divided by c?
2
Suppose -3*l + 15 = 3*v, 1 = 2*v - 4*l - 3. Calculate the remainder when 29 is divided by 1/((-5)/(-120)*v).
5
Suppose 900 = 5*w + 2*d - d, 3*w = d + 532. What is the remainder when w is divided by 7?
4
Suppose -4*t = -2*t - 50. Let s(h) = -29 + 29 - h - 2*h**2 - t*h**3. What is the remainder when 46 is divided by s(-1)?
22
What is the remainder when (6/(-5))/(4/1700*-2) is divided by 32?
31
Let a be 4/(-8) - -33*9/(-6). Let f = a - -59. What is the remainder when f is divided by 1?
0
Let t = -14 + -43. What is the remainder when 52 is divided by ((t/6)/(3/(-6)))/1?
14
Suppose 0 = 13*v - 534 - 1182. What is the remainder when v is divided by 38?
18
Let b = 647 - 458. What is the remainder when b is divided by 12?
9
Suppose 35 = 3*m - 13. Suppose -d + m = -0*d. Let y(a) = -12*a + 2. What is the remainder when y(-5) is divided by d?
14
Let f(b) = 4*b**2 + 14*b + 8. Calculate the remainder when f(7) is divided by 61.
58
Let m(r) = -r + 10. Let k be m(7). Suppose 2*n = -n + 4*o - 3, -k*n = -o - 6. What is the remainder when 18 is divided by n?
0
Suppose -o - 6 = -3*o. Let z(w) = w**3 + 24*w**2 - w - 2. Let u be z(-24). Suppose -3*x + u + 8 = 0. What is the remainder when x is divided by o?
1
Let k = 2 + 3. Let n = -246 - -250. What is the remainder when k is divided by n?
1
Let a be 10/(-85) + 412/34. Let u = -8 + a. Suppose -22 = u*j - 6*j. What is the remainder when j is divided by 7?
4
Suppose 0 = 3*d - 2*d + 2. Let w be 188 - (-4 + (-1 - d)). Suppose -3*l + 2*l + w = 3*r, 2*r - 4*l - 104 = 0. Calculate the remainder when r is divided by 16.
14
Let c be -16 - (5 - 1 - 8). Let r = c - -41. Calculate the remainder when r is divided by 17.
12
Let a(i) = 3*i**2 - 17*i - 127. What is the remainder when a(14) is divided by 28?
27
Suppose 0 = h + 10*x - 6*x - 51, -4*h = -3*x - 185. Let l(b) = 4*b**2 - b - 1. What is the remainder when h is divided by l(-2)?
13
Let n(o) = 2*o**2 - 34*o - 274. Suppose 0 = -4*j + 18 - 2. Suppose f = -2 + j. What is the remainder when f is divided by n(-6)?
0
Let s(w) = 12*w**2 + 46*w + 91. What is the remainder when 234 is divided by s(-2)?
46
Suppose -12 - 76 = -8*n. Let a = 6 - 1. Suppose -4*p - 3 - 22 = -3*z, -2*z = -a*p - 26. What is the remainder when n is divided by z?
2
Let d = -78 - -87. Let h = d - -16. What is the remainder when 96 is divided by h?
21
Let h(o) = o**2 - 13 - 7*o + 1 + 3. Let p be h(8). Let n(u) = -112*u**3 + u + 1. What is the remainder when n(p) is divided by 23?
20
Suppose 0 = -3*r - 4*c - 17, -4*r - 2*c - 5 = 1. Let j(k) = 3*k. What is the remainder when j(r) is divided by 4 + 3 + -3 + -1?
0
Suppose -5*s = 5*h - 70, -2*h - 2 - 84 = -4*s. Suppose 2*l - s - 1 = 0. Calculate the remainder when 28 is divided by l.
8
Let p(k) = 28*k - 79. Calculate the remainder when p(11) is divided by 47.
41
Let v = -66 - -216. What is the remainder when v is divided by 9?
6
Let p = 4 - 2. Suppose -8 = 2*u - p*c - 2, 4*u - 2*c + 6 = 0. Suppose u*i - 4*i = -312. Calculate the remainder when i is divided by 20.
18
Suppose -17*f + 18*f = 69. Calculate the remainder when 260 is divided by f.
53
Calculate the remainder when 13 is divided by 124/16 - 3/4.
6
Suppose w - 4*w + 141 = 0. Let m = w + -29. Suppose -585 + 2093 = -84*u + 113*u. Calculate the remainder when u is divided by m.
16
Let z(u) = -u + 33. Let m be z(0). Suppose m = f + d, 2*f - 7 = -4*d + 61. What is the remainder when f is divided by 22?
10
Suppose -4*f + 2*a + 44 = -f, a = -3*f + 32. Let n(c) = -3*c**3 + 35*c**2 + 20*c - 38. Calculate the remainder when n(12) is divided by (f - 1) + 1 + -2.
8
Let u be 3 - 110*2/(-2). Let v = -159 + u. Let s = v + 65. What is the remainder when s is divided by 5?
4
Suppose 10*h + 228 = 22*h. Suppose -n - 5*v = -48, -2*n - 3*n - 2*v = -263. Calculate the remainder when n is divided by h.
15
Let x = 1095 + -945. What is the remainder when x is divided by 7?
3
Let o(s) = s**2 - 4*s + 5. Let l be o(4). Suppose 3*r = -l*r + 24. What is the remainder when r is divided by 2?
1
Suppose 3*t - 158 + 14 = 0. What is the remainder when t is divided by 3136/245 + 1*2/10?
9
Suppose -13*c - 48 = -11*c. Let q be (c/(-14))/((-2)/42). Let n = q + 86. Calculate the remainder when n is divided by 13.
11
Suppose -4*b + 2*n + 1 = -5, 1 = n. Calculate the remainder when b is divided by 1/5 - 12/(-15).
0
Let w = -161 + 352. Suppose -360 = -5*z - 2*f - 3*f, -3*z + w = -2*f. Calculate the remainder when z is divided by 14.
11
Let y = 170 - 148. Calculate the remainder when 39 is divided by y.
17
Let g = 3 - -5. Suppose -3*f + 1 = 3*x - g, -3 = -2*x - f. Suppose 5*a - t - 258 = x, -2*a + 54 = 3*t - 56. What is the remainder when a is divided by 27?
25
Suppose -5*t - 3*w = -4*t - 244, 3*t = 2*w + 754. What is the remainder when t is divided by 14?
12
Suppose -2*o + 230 = 2*k, -4*k + 7*o + 461 = 10*o. What is the remainder when k is divided by 6?
2
Calculate the remainder when 46 is divided by 6/(-9)*(-39)/(-6)*-9.
7
Suppose -17*a + 14*a + 5*h + 12 = 0, -2*a - 4*h = -30. What is the remainder when a is divided by 7?
2
Let t(p) = -p - 2. Let l(c) = 2*c - 10. Let u(f) = -l(f) - 4*t(f). What is the remainder when 41 is divided by u(-3)?
5
Let i = -308 - -447. Suppose -3*n + 5*n - 225 = 5*q, 3*q - 2*n = -i. Calcula